{"id":688,"date":"2024-08-15T16:08:34","date_gmt":"2024-08-15T14:08:34","guid":{"rendered":"https:\/\/bienetregerontologie.fr\/?page_id=688"},"modified":"2026-04-28T15:38:50","modified_gmt":"2026-04-28T13:38:50","slug":"les-modalites-tarifaires-et-devaluations","status":"publish","type":"page","link":"https:\/\/bienetregerontologie.fr\/index.php\/les-modalites-tarifaires-et-devaluations\/","title":{"rendered":"Les modalit\u00e9s tarifaires et d\u2019\u00e9valuations"},"content":{"rendered":"\t\t<div data-elementor-type=\"wp-page\" data-elementor-id=\"688\" class=\"elementor elementor-688\">\n\t\t\t\t<div class=\"elementor-element elementor-element-3080aa9 e-flex e-con-boxed e-con e-parent\" data-id=\"3080aa9\" data-element_type=\"container\">\n\t\t\t\t\t<div class=\"e-con-inner\">\n\t\t\t\t<div class=\"elementor-element elementor-element-124f782 elementor-invisible elementor-widget elementor-widget-heading\" data-id=\"124f782\" data-element_type=\"widget\" data-settings=\"{&quot;_animation&quot;:&quot;fadeInDown&quot;}\" data-widget_type=\"heading.default\">\n\t\t\t\t<div class=\"elementor-widget-container\">\n\t\t\t<style>\/*! elementor - v3.23.0 - 25-07-2024 *\/\n.elementor-heading-title{padding:0;margin:0;line-height:1}.elementor-widget-heading .elementor-heading-title[class*=elementor-size-]>a{color:inherit;font-size:inherit;line-height:inherit}.elementor-widget-heading .elementor-heading-title.elementor-size-small{font-size:15px}.elementor-widget-heading .elementor-heading-title.elementor-size-medium{font-size:19px}.elementor-widget-heading .elementor-heading-title.elementor-size-large{font-size:29px}.elementor-widget-heading .elementor-heading-title.elementor-size-xl{font-size:39px}.elementor-widget-heading .elementor-heading-title.elementor-size-xxl{font-size:59px}<\/style><h2 class=\"elementor-heading-title elementor-size-default\">Les modalit\u00e9s tarifaires et d'\u00e9valuations<\/h2>\t\t<\/div>\n\t\t\t\t<\/div>\n\t\t\t\t\t<\/div>\n\t\t\t\t<\/div>\n\t\t<div class=\"elementor-element elementor-element-074285a e-flex e-con-boxed e-con e-parent\" data-id=\"074285a\" data-element_type=\"container\">\n\t\t\t\t\t<div class=\"e-con-inner\">\n\t\t\t\t<div class=\"elementor-element elementor-element-700665d elementor-widget elementor-widget-text-editor\" data-id=\"700665d\" data-element_type=\"widget\" data-widget_type=\"text-editor.default\">\n\t\t\t\t<div class=\"elementor-widget-container\">\n\t\t\t<style>\/*! elementor - v3.23.0 - 25-07-2024 *\/\n.elementor-widget-text-editor.elementor-drop-cap-view-stacked .elementor-drop-cap{background-color:#69727d;color:#fff}.elementor-widget-text-editor.elementor-drop-cap-view-framed .elementor-drop-cap{color:#69727d;border:3px solid;background-color:transparent}.elementor-widget-text-editor:not(.elementor-drop-cap-view-default) .elementor-drop-cap{margin-top:8px}.elementor-widget-text-editor:not(.elementor-drop-cap-view-default) .elementor-drop-cap-letter{width:1em;height:1em}.elementor-widget-text-editor .elementor-drop-cap{float:left;text-align:center;line-height:1;font-size:50px}.elementor-widget-text-editor .elementor-drop-cap-letter{display:inline-block}<\/style>\t\t\t\t<h2><strong>Nos tarifs<\/strong><\/h2><p>La journ\u00e9e de formation est au tarif de 1040,- euros, nets de taxes. (Sauf AFGSU, PRAP, PSSM et culinaires : nous consulter)<\/p><p>L\u2019organisme de formation est exon\u00e9r\u00e9 de la TVA.<\/p><p>Les frais de d\u00e9placement sont en sus, calcul\u00e9s sur mesure.<\/p><p>Les tarifs sont indiqu\u00e9s dans la convention de formation et font l\u2019objet d\u2019une facture une fois la prestation r\u00e9alis\u00e9e.<\/p><p>Le paiement de la facture s\u2019effectue par ch\u00e8que ou virement dans les trente jours \u00e0 compter de sa date d\u2019envoi, conform\u00e9ment aux dispositions de l\u2019article L441-6 du code de commerce.<\/p><p><strong>\u00a0<\/strong><\/p><p><strong>\u00a0<\/strong><\/p><h2><strong>D\u00e9dommagement, r\u00e9paration ou d\u00e9bit<\/strong><\/h2><p>En cas de renoncement par l\u2019entreprise b\u00e9n\u00e9ficiaire \u00e0 l\u2019ex\u00e9cution de la pr\u00e9sente convention dans un d\u00e9lai de 120 \u00e0 61 jours calendaires avant la date de d\u00e9marrage de la prestation de formation, objet de la pr\u00e9sente convention, l\u2019entreprise b\u00e9n\u00e9ficiaire s\u2019engage au versement de 30% de la somme globale de la prestation, d\u00e9duite des frais de d\u00e9placement, \u00e0 titre de d\u00e9dommagement par journ\u00e9e annul\u00e9e. Cette somme n\u2019est pas imputable sur l\u2019obligation de participation au titre de la formation professionnelle continue de l\u2019entreprise b\u00e9n\u00e9ficiaire et ne peut faire l\u2019objet d\u2019une demande de remboursement ou de prise en charge par l\u2019OPCO\/OPCA.<\/p><p>Si le d\u00e9lai de renoncement est inf\u00e9rieur \u00e0 60 jours calendaires, la somme due est \u00e9gale \u00e0 la totalit\u00e9 de la prestation globale, d\u00e9duite des frais de d\u00e9placement.<\/p><p>Dans les cas de renoncement, les frais d\u00e9j\u00e0 engag\u00e9s par l\u2019organisme de formation de transport et d\u2019h\u00f4tellerie sont dus par l\u2019entreprise b\u00e9n\u00e9ficiaire sur pr\u00e9sentation des factures r\u00e9gl\u00e9es.<\/p><p>Toute formation commenc\u00e9e est due en int\u00e9gralit\u00e9. En cas de r\u00e9alisation partielle, l\u2019entreprise b\u00e9n\u00e9ficiaire s\u2019engage au versement des sommes\u00a0restant dues par journ\u00e9e annul\u00e9e.<\/p><p>Cette somme n\u2019est pas imputable sur l\u2019obligation de participation au titre de la formation professionnelle continue de l\u2019entreprise b\u00e9n\u00e9ficiaire et ne peut faire l\u2019objet d\u2019une demande de remboursement ou de prise en charge par l\u2019OPCO\/OPCA.<\/p><p>Seul le prix de la prestation r\u00e9alis\u00e9e partiellement est factur\u00e9 au titre de la formation professionnelle.<\/p><p>Deux factures diff\u00e9rentes seront faites\u00a0: l\u2019une avec le prix de la prestation r\u00e9alis\u00e9e et l\u2019autre avec le prix de la prestation non r\u00e9alis\u00e9e.<\/p><p>\u00a0<\/p><p>Cas particuliers en cas de renoncement par l\u2019entreprise b\u00e9n\u00e9ficiaire de la pr\u00e9sente convention conclue dans le cadre de la mutualisation d\u2019\u00e9tablissements\u00a0selon les calculs du co\u00fbt global \u00e0 charge de l\u2019\u00e9tablissement :<\/p><ul><li>Au prorata du nombre de participants inscrit\u00a0:<\/li><\/ul><p>Si la(les) session(s) est(sont) annul\u00e9(s), les modalit\u00e9s de renoncement, selon les d\u00e9lais et leurs pourcentages expos\u00e9s ci-dessus, s\u2019appliquent au montant d\u00e9fini au prorata pour l\u2019entreprise b\u00e9n\u00e9ficiaire.<\/p><p>Si la(les) session(s) est(sont) maintenue(s), le montant d\u00e9fini au prorata pour l\u2019entreprise b\u00e9n\u00e9ficiaire est d\u00fb en totalit\u00e9 et sans d\u00e9lai de renoncement.<\/p><ul><li>Calcul\u00e9 au prorata du nombre de ses participants ayant suivi la formation, y compris partiellement, inscrits sur la feuille d\u2019\u00e9margement.<\/li><\/ul><p>La modalit\u00e9 de calcul ne pouvant \u00eatre d\u00e9termin\u00e9e qu\u2019une fois la(les) session(s) effectu\u00e9e(s), son calcul est d\u00e9fini comme suit en cas de renoncement par l\u2019entreprise b\u00e9n\u00e9ficiaire pour l\u2019application de son montant d\u00fb\u00a0:<\/p><p>Diff\u00e9rence entre le nombre de participants maximum de la(les) session(s) et celui des participants ayant suivi la formation, y compris partiellement, inscrits sur la feuille d\u2019\u00e9margement.<\/p><p>Cette diff\u00e9rence sert alors de base pour le calcul du co\u00fbt global \u00e0 charge de l\u2019\u00e9tablissement selon les m\u00eames modalit\u00e9s que d\u00e9finies ci-dessus \u00ab\u00a0au prorata du nombre de participants inscrits\u00a0\u00bb.<\/p><p>\u00a0<\/p><p>En cas de renoncement par l\u2019organisme de formation \u00e0 l\u2019ex\u00e9cution de la pr\u00e9sente convention dans un d\u00e9lai de 10 jours avant la date de d\u00e9marrage de la prestation de formation, objet de la pr\u00e9sente convention, et sans possibilit\u00e9 de report de celle-ci par l\u2019organisme de formation, celui-ci s\u2019engage au versement de la somme de 50 Euros \u00e0 titre de d\u00e9dommagement par journ\u00e9e annul\u00e9e.<\/p><p>\u00a0<\/p><p>Ces conditions de d\u00e9dommagement ne sont pas imput\u00e9es \u00e0 l\u2019organisme de formation dans le cas o\u00f9 le formateur ne peut pas se rendre sur le lieu du site b\u00e9n\u00e9ficiaire pour assurer sa prestation du fait de conditions exceptionnelles qui entravent sa sant\u00e9 ou sa capacit\u00e9 \u00e0 pouvoir se d\u00e9placer\u00a0: conditions m\u00e9t\u00e9orologiques (neige, verglas\u2026), voies publiques ferm\u00e9es, gr\u00e8ves des transports emprunt\u00e9s (SNCF, Air France,\u2026), manifestations publiques, crise sanitaire\u2026<\/p><p>Dans ce cas, la formation est report\u00e9e d\u2019un commun accord. Dans le cas de l\u2019impossibilit\u00e9 de ce report, il n\u2019est pr\u00e9vu aucune indemnit\u00e9 de d\u00e9dommagement.<\/p><p><strong>\u00a0<\/strong><\/p><h2><strong>Les modalit\u00e9s d&rsquo;\u00e9valuation<\/strong><\/h2><h4><span style=\"text-decoration: underline;\"><em>L\u2019\u00e9valuation de la satisfaction<\/em><\/span><\/h4><p>Chaque b\u00e9n\u00e9ficiaire (participant, repr\u00e9sentant institutionnel et financeur) est invit\u00e9 \u00e0 faire remonter ses remarques, appr\u00e9ciations, r\u00e9clamations, \u00e0 tout moment qui lui semble opportun, directement aupr\u00e8s de la responsable de l\u2019organisme de formation, Madame HUGONNET, qui veillera \u00e0 r\u00e9pondre aux attentes formul\u00e9es tr\u00e8s r\u00e9activement.\u00a0<\/p><p><strong>L\u2019\u00e9valuation de l\u2019action de formation<\/strong> est r\u00e9alis\u00e9e \u00e0 chaud en fin de session par le biais d\u2019un questionnaire individuel pour les participants puis oralement en pr\u00e9sence des participants, du responsable sur site du projet de formation et du formateur.<\/p><p>Le repr\u00e9sentant de l\u2019organisme financeur est \u00e9galement convi\u00e9 \u00e0 ce bilan si la facturation lui est directement adress\u00e9e par BIEN ETRE G\u00e9rontologie et formation afin de garantir \u00ab\u00a0le recueil des appr\u00e9ciations des parties prenantes\u00a0\u00bb.<\/p><p>La synth\u00e8se des questionnaires remplis par les participants sera transmise au responsable des ressources humaines et \u00e0 l\u2019organisme financeur en cas de facturation directe, accompagn\u00e9e d\u2019un compte rendu du formateur pr\u00e9cisant la dynamique de groupe, les \u00e9l\u00e9ments de contexte \u00e9clairant le d\u00e9roulement de la formation, les projets, suggestions \u00e9ventuelles et les appr\u00e9ciations des parties prenantes recueillies lors du bilan oral.<\/p><p>Le tout sera transmis dans un d\u00e9lai maximum d\u2019un mois \u00e0 votre \u00e9tablissement. Les questionnaires remplis par chaque participant sont tenus \u00e0 disposition du responsable des ressources humaines et de l\u2019organisme financeur en cas de facturation directe.<\/p><p><strong>Un questionnaire de satisfaction <\/strong>sera adress\u00e9 apr\u00e8s la fin de la session de formation avec le dossier de formation au responsable des ressources humaines de l\u2019\u00e9tablissement et \u00e0 l\u2019organisme financeur en cas de facturation directe afin de recueillir les appr\u00e9ciations des parties prenantes dans un souci d\u2019am\u00e9lioration continue de nos prestations conform\u00e9ment aux exigences qualit\u00e9 de la certification Qualiopi pour inclure \u00ab\u00a0un dispositif de relance permettant une libre expression\u00a0\u00bb.<\/p><p>\u00a0<\/p><h4><span style=\"text-decoration: underline;\"><em>L\u2019\u00e9valuation des acquis<\/em><\/span><\/h4><p>Les r\u00e9sultats attendus de nos actions de formation sont en lien avec les objectifs d\u00e9taill\u00e9s et sont \u00e9valu\u00e9s en d\u00e9but et fin de session aupr\u00e8s de chaque participant afin d\u2019en mesurer les r\u00e9sultats sous la forme de pourcentage de progression.<\/p>\t\t\t\t\t\t<\/div>\n\t\t\t\t<\/div>\n\t\t\t\t\t<\/div>\n\t\t\t\t<\/div>\n\t\t\t\t<\/div>\n\t\t","protected":false},"excerpt":{"rendered":"<p>Les modalit\u00e9s tarifaires et d&rsquo;\u00e9valuations Nos tarifs La journ\u00e9e de formation est au tarif de 1040,- euros, nets de taxes. (Sauf AFGSU, PRAP, PSSM et culinaires : nous consulter) L\u2019organisme de formation est exon\u00e9r\u00e9 de la TVA. Les frais de d\u00e9placement sont en sus, calcul\u00e9s sur mesure. Les tarifs sont indiqu\u00e9s dans la convention de [&hellip;]<\/p>\n","protected":false},"author":1,"featured_media":0,"parent":0,"menu_order":0,"comment_status":"closed","ping_status":"closed","template":"","meta":{"ocean_post_layout":"","ocean_both_sidebars_style":"","ocean_both_sidebars_content_width":0,"ocean_both_sidebars_sidebars_width":0,"ocean_sidebar":"","ocean_second_sidebar":"","ocean_disable_margins":"enable","ocean_add_body_class":"","ocean_shortcode_before_top_bar":"","ocean_shortcode_after_top_bar":"","ocean_shortcode_before_header":"","ocean_shortcode_after_header":"","ocean_has_shortcode":"","ocean_shortcode_after_title":"","ocean_shortcode_before_footer_widgets":"","ocean_shortcode_after_footer_widgets":"","ocean_shortcode_before_footer_bottom":"","ocean_shortcode_after_footer_bottom":"","ocean_display_top_bar":"default","ocean_display_header":"default","ocean_header_style":"","ocean_center_header_left_menu":"","ocean_custom_header_template":"","ocean_custom_logo":0,"ocean_custom_retina_logo":0,"ocean_custom_logo_max_width":0,"ocean_custom_logo_tablet_max_width":0,"ocean_custom_logo_mobile_max_width":0,"ocean_custom_logo_max_height":0,"ocean_custom_logo_tablet_max_height":0,"ocean_custom_logo_mobile_max_height":0,"ocean_header_custom_menu":"","ocean_menu_typo_font_family":"","ocean_menu_typo_font_subset":"","ocean_menu_typo_font_size":0,"ocean_menu_typo_font_size_tablet":0,"ocean_menu_typo_font_size_mobile":0,"ocean_menu_typo_font_size_unit":"px","ocean_menu_typo_font_weight":"","ocean_menu_typo_font_weight_tablet":"","ocean_menu_typo_font_weight_mobile":"","ocean_menu_typo_transform":"","ocean_menu_typo_transform_tablet":"","ocean_menu_typo_transform_mobile":"","ocean_menu_typo_line_height":0,"ocean_menu_typo_line_height_tablet":0,"ocean_menu_typo_line_height_mobile":0,"ocean_menu_typo_line_height_unit":"","ocean_menu_typo_spacing":0,"ocean_menu_typo_spacing_tablet":0,"ocean_menu_typo_spacing_mobile":0,"ocean_menu_typo_spacing_unit":"","ocean_menu_link_color":"","ocean_menu_link_color_hover":"","ocean_menu_link_color_active":"","ocean_menu_link_background":"","ocean_menu_link_hover_background":"","ocean_menu_link_active_background":"","ocean_menu_social_links_bg":"","ocean_menu_social_hover_links_bg":"","ocean_menu_social_links_color":"","ocean_menu_social_hover_links_color":"","ocean_disable_title":"default","ocean_disable_heading":"default","ocean_post_title":"","ocean_post_subheading":"","ocean_post_title_style":"","ocean_post_title_background_color":"","ocean_post_title_background":0,"ocean_post_title_bg_image_position":"","ocean_post_title_bg_image_attachment":"","ocean_post_title_bg_image_repeat":"","ocean_post_title_bg_image_size":"","ocean_post_title_height":0,"ocean_post_title_bg_overlay":0.5,"ocean_post_title_bg_overlay_color":"","ocean_disable_breadcrumbs":"default","ocean_breadcrumbs_color":"","ocean_breadcrumbs_separator_color":"","ocean_breadcrumbs_links_color":"","ocean_breadcrumbs_links_hover_color":"","ocean_display_footer_widgets":"default","ocean_display_footer_bottom":"default","ocean_custom_footer_template":"","footnotes":""},"class_list":["post-688","page","type-page","status-publish","hentry","entry"],"_links":{"self":[{"href":"https:\/\/bienetregerontologie.fr\/index.php\/wp-json\/wp\/v2\/pages\/688","targetHints":{"allow":["GET"]}}],"collection":[{"href":"https:\/\/bienetregerontologie.fr\/index.php\/wp-json\/wp\/v2\/pages"}],"about":[{"href":"https:\/\/bienetregerontologie.fr\/index.php\/wp-json\/wp\/v2\/types\/page"}],"author":[{"embeddable":true,"href":"https:\/\/bienetregerontologie.fr\/index.php\/wp-json\/wp\/v2\/users\/1"}],"replies":[{"embeddable":true,"href":"https:\/\/bienetregerontologie.fr\/index.php\/wp-json\/wp\/v2\/comments?post=688"}],"version-history":[{"count":24,"href":"https:\/\/bienetregerontologie.fr\/index.php\/wp-json\/wp\/v2\/pages\/688\/revisions"}],"predecessor-version":[{"id":1210,"href":"https:\/\/bienetregerontologie.fr\/index.php\/wp-json\/wp\/v2\/pages\/688\/revisions\/1210"}],"wp:attachment":[{"href":"https:\/\/bienetregerontologie.fr\/index.php\/wp-json\/wp\/v2\/media?parent=688"}],"curies":[{"name":"wp","href":"https:\/\/api.w.org\/{rel}","templated":true}]}}